j)?
-3
Suppose -4*a = -4*z - 2*a - 2, 4*a = 4. Let j(f) = -f**2 + f + 6. Give j(z).
6
Let d(i) = 37*i - 33*i + 2*i**2 - 4*i**2 - 1. Determine d(3).
-7
Suppose -3*v + 3*k - 20 = 2*v, -4*v = -3*k + 16. Let b(t) = -t - 4*t - 3 + 5*t**2 - 2. Let r(w) = -w**2 + w + 1. Let z(g) = v*r(g) - b(g). Determine z(3).
-5
Let s be -2 + (-5)/(15/6). Let r be (s + 2 - 1) + 6. Let t(x) = x**2 - 4*x - 4. Determine t(r).
-7
Let h(r) = r**2 - r + 5. Suppose 0 = y + y + 2. Let c be 1 + 1 - 5/5. Let w = y + c. Give h(w).
5
Suppose 4*h + 5*s - 25 = 2*h, 4*h - 35 = -5*s. Let u(z) = z**3 - 3*z**2 - 8*z + 6. What is u(h)?
16
Let s(o) be the third derivative of o**5/60 - o**4/24 - 5*o**3/6 - 3*o**2. Calculate s(-4).
15
Let h(x) = -4*x**2 - 2*x + 2. Let p(c) = -2*c**2 + 6*c - 2. Let w be p(3). Calculate h(w).
-10
Let q(l) = 3*l + 3. Suppose o - 2*o - 3 = 0. Determine q(o).
-6
Let n = -11 + 14. Let l(a) = 2*a + 2. Let z(d) = -3*d - 3. Suppose -j = -5 + 1. Let h(c) = j*z(c) + 5*l(c). What is h(n)?
-8
Let r(b) = 7*b - 35. Let v(k) = 3*k - 17. Let a(i) = 4*r(i) - 9*v(i). Let m be a(-11). Let x(n) = 3*n**2. Determine x(m).
12
Let a(q) be the second derivative of q**4/12 - q**2/2 - 17*q. Calculate a(4).
15
Let v(n) = -n - 1. Let h(r) = -r**3 - 2*r**2 + 2*r + 2. Let x be h(-1). What is v(x)?
0
Let o(y) be the first derivative of y**3/3 - 2*y**2 - 3*y + 15. Let i(q) = -2*q**3 - 3*q**2. Let m be i(-2). Calculate o(m).
-3
Let t(m) = -4*m**2 - 5*m + 8 + 0*m**2 + 3*m**2 - 10. Determine t(-6).
-8
Let u(p) = -p + 5 - p**3 + 0*p**3 - 4*p**2 + 4*p. Give u(-5).
15
Suppose l - 8 + 0 = -3*j, 3*l + 3 = 0. Let b = 2 + -2. Suppose j*p - p = b. Let f(x) = -x**3 + x**2 + 12. Determine f(p).
12
Let n(k) = -k**2 + k - 3. Let a be (-16)/56 - (-3 - 19/(-7)). Calculate n(a).
-3
Suppose 2*v = v. Let s(o) = o - 3. Give s(v).
-3
Let t = -4 + -7. Let a = -7 - t. Let g(d) = -2 - 3*d + 7 - 1 + 1. What is g(a)?
-7
Let q(o) = o**3 - 2*o**3 - 6 - 6*o + 2*o**3 + 4*o**2. Let j = 0 + -5. Calculate q(j).
-1
Suppose -4*s + h = -3*h - 32, 0 = 4*s + 4*h - 40. Let c = s - 8. Let o(y) = y + 7. Let f(i) = 3. Let n(m) = 9*f(m) - 4*o(m). Give n(c).
-5
Let c(r) = -5*r + r**2 + 0*r + 5 - 4*r + 2*r. Calculate c(4).
-7
Let m(h) = -h**2 - 2 - 11*h + 5*h**2 + 3*h**2 + 19*h + h**3. What is m(-6)?
-14
Let i(f) be the second derivative of f**6/720 + f**5/60 + f**4/2 + 5*f. Let b(m) be the third derivative of i(m). Determine b(-4).
-2
Let o(j) = -j**3 - 9. Suppose 3*z = 7*z. Give o(z).
-9
Suppose 4*d - 5*m + 19 = 0, 6 = 3*d + m + 2*m. Let x(l) = -l**2 - 1. Let i(w) = 2*w**2 - w + 6. Let y(q) = d*i(q) - 3*x(q). What is y(0)?
-3
Let y(d) = -d**3 + d**2 + 4*d + 1. Let n(l) = -l**2 - 6*l - 9. Let j(s) = -s**2 - 6*s - 10. Let c(g) = 6*j(g) - 7*n(g). Let x be c(-6). Calculate y(x).
-5
Let d(h) be the first derivative of 2*h**3/3 + h**2/2 - 12. What is d(-1)?
1
Let x(h) = -2*h + 9. Let k be x(10). Let p = 30 + k. Suppose -2*z = -0*m + m + 1, -5*m - 2*z + p = 0. Let t(s) = -s**2 + 8*s - 7. What is t(m)?
8
Let u(t) = t**2 - 6*t - 30. Let j be u(10). Let p(n) = -n + 10. Calculate p(j).
0
Suppose 4 = -m - 0*m. Let v(j) = -j**2 + j + 1. Let h(c) = -5*c**2 + 12*c + 10. Let o = 3 - 4. Let d(l) = o*h(l) + 6*v(l). Give d(m).
4
Let k(m) be the second derivative of -13*m**5/20 + m**4/4 + m**3/3 + m**2 - m. Let c(y) = 7*y**3 - 2*y**2 - y - 1. Let i(g) = 11*c(g) + 6*k(g). Determine i(-4).
-3
Suppose -5*u + 0*u + 65 = 0. Suppose -2*g = -g - u. Let w = g + -8. Let i(p) = p - 6. Give i(w).
-1
Suppose 4*m + 7 = -1. Let g(o) be the first derivative of 2*o**3/3 + 2*o**2 + 3*o + 3. What is g(m)?
3
Let k(c) be the second derivative of c**5/10 - c**4/3 + c**3/6 + c**2 - 3*c. Let n = 10 - 8. Calculate k(n).
4
Let a(f) = 13*f - 5*f - 5*f - 1. Give a(2).
5
Let g = 3 + -5. Let f = 14 - 12. Let i(a) = 3*a. Let j(t) = 7*t + 1. Let r(w) = f*j(w) - 5*i(w). Calculate r(g).
4
Let s = -18 + 18. Let x(l) = -l**2 + 4. What is x(s)?
4
Let o(h) = -6*h - 38. Let k be o(-7). Let w(l) = l**3 - 3*l**2 - 3*l + 2. Determine w(k).
6
Let z(b) = -b - 1. Let i(k) = k**3 + 4*k**2 - 8*k + 3. Let u(a) = -i(a) + 3*z(a). Let r(v) = v. Let g be r(-5). Give u(g).
-6
Let d(n) = -n**2 + 3. Suppose -22 = -2*z - 2*z - 2*o, -4*z = 3*o - 27. What is d(z)?
-6
Suppose 7*i = 10*i - 12. Let h(q) = q**2 - 3*q. What is h(i)?
4
Let v = 29 + -27. Let y(n) = n**3 - 2*n. What is y(v)?
4
Let m(a) be the first derivative of a**4/24 - a**3/3 - a**2 + 2. Let c(r) be the second derivative of m(r). Let k be c(7). Let d(o) = -o + 6. What is d(k)?
1
Let b = 25 - 17. Let m(z) = -5 + b + 1 + z. What is m(-3)?
1
Let b(t) be the second derivative of -t**5/60 + 5*t**4/24 - 3*t**2/2 + 4*t. Let i(g) be the first derivative of b(g). Give i(4).
4
Let d(a) = 3*a - 19. Let i be d(8). Let h(w) = w**2 - 12*w + 13. Let p be h(11). Let u(s) = -8 - p*s + 4*s + 4. Calculate u(i).
6
Let o(j) = 3*j**3 + 1 - 4*j**2 - 2*j + 2*j**3 + 0*j**3 - 4*j**3. What is o(4)?
-7
Let l = 7 + -3. Let f(b) be the second derivative of -b**5/60 + b**4/6 + b**3/3 - b**2/2 - 2*b. Let x(a) be the first derivative of f(a). Determine x(l).
2
Let h = 1 + 3. Let c(m) = -2*m**3 - m**2 + 1. Let p be c(-1). Let w(k) = 0 - k**p + 2*k + k + 5 - 2*k. Give w(h).
-7
Let m(v) = 0 + 0 + 3*v**2 - 3 + v**3 - 5*v. Let o be (-75)/21 + (-9)/21. What is m(o)?
1
Let n(v) be the third derivative of 0*v - 1/120*v**6 - 2*v**2 + 1/10*v**5 + 0 + 1/12*v**4 - 3/2*v**3. Calculate n(6).
3
Let k(v) = -v**3 - 9*v - 3 - 7*v - 6*v**2 + 19*v**2 + 4*v. Determine k(12).
-3
Let b(d) = 3*d**2 + 7*d - 3. Let t(m) = 4*m**2 + 7*m - 2. Let q(x) = -5*b(x) + 4*t(x). Determine q(5).
-3
Let d(l) = -l**2 + 4*l + 1. Suppose -6 = -k - 2. Let f = -3 + k. Let w = f - -3. Determine d(w).
1
Let p(t) = -3*t**2 + 19*t + 2*t**2 - 6*t**2 - 20*t. Let n(x) = -x - 1. Let o be n(-3). Suppose -w + o - 1 = 0. Give p(w).
-8
Let s(d) = d - 3. Let w = 16 - 10. Give s(w).
3
Suppose f - 3*f = 0. Let s(w) = -w + 2*w + w**3 - 5*w + f*w**2 + 5 - 3*w**2. Calculate s(4).
5
Let b(a) = -3 + 4*a - 3*a + 11 + 8*a. Let s(h) = 5*h + 4. Let n(w) = 4*b(w) - 7*s(w). Calculate n(-4).
0
Let q(r) be the third derivative of r**4/8 + r**3/2 + 12*r**2. Suppose -4*t - 3 = -3*t. What is q(t)?
-6
Suppose -2*r = -4*r. Suppose r*t = 2*t + 4. Let c = 5 + t. Let o(d) = -d**2 + 4*d - 2. Calculate o(c).
1
Let t be 7/3 - 1/3. Let n(s) = 1 + 3 - 5*s**t + s - s**3 + 2. Determine n(-5).
1
Let q(o) be the first derivative of -o**2/2 + 11*o - 5. Calculate q(5).
6
Let d(a) = 7*a**3 - a**2 + 4*a + 4. Let v(k) = -7*k**3 + k**2 - 5*k - 5. Let r(s) = 5*d(s) + 4*v(s). Calculate r(-1).
-8
Suppose g + s = 4, -2*g - 6 = 3*s - 8*s. Let x(u) = u**2 + 2*u - 3. Calculate x(g).
5
Let t(v) = -v**3 + v**2 + v. Suppose 8*d - 5*d + 3 = 0. Let k be t(d). Let c(r) be the third derivative of 3*r**5/20 - r**3/6 - r**2. Determine c(k).
8
Let v(y) = -29*y + 1. Let z be v(-1). Suppose 0*d + z = 5*d. Let f(s) = -2*s + 4. What is f(d)?
-8
Suppose -12 = -3*d, -2*c - 9 = c - 3*d. Let h(s) = 31*s**3 - 8*s - 3. Let u(i) = -10*i**3 + 3*i + 1. Let a(p) = 3*h(p) + 8*u(p). Calculate a(c).
12
Let m(c) = 6*c**2 - 5 + 7 - c**3 - 4*c + 5. Let r be -3 - (-7 - -1) - 4/(-2). Calculate m(r).
12
Suppose 3*r + 4*h = -0*r - 7, 2*r - 3*h - 18 = 0. Let s(t) = t - 2*t**2 + t - 6*t + r*t - 3 + t**3. Calculate s(3).
3
Let v = 5 + -1. Let c(p) = 5*p**3 - 8*p**2 + p - 6. Let x(b) = -b**3 + b**2 + 1. Let j(y) = c(y) + 4*x(y). Give j(v).
2
Let f = 406 + -405. Let g(p) = -4*p**2 + p**3 + 5*p**2 - p + 11*p**3. Calculate g(f).
12
Let h(w) be the second derivative of -w**5/20 + w**4/3 + w**3 - 3*w**2 + 3*w + 6. Give h(5).
-1
Let i(s) = 5 + s + 3*s + 0. Let t(q) = q + 2. Let d be 44/20 - 4/20. Let x(a) = d*i(a) - 7*t(a). Give x(6).
2
Let u(h) = 17 - 8 - 9 - 2 - 2*h. Determine u(5).
-12
Suppose -120 = 2*p - 7*p - 4*o, -5*p + 2*o + 90 = 0. Let u be 8/p - 46/(-10). Let i(j) = -j**2 + 5*j + 6. Determine i(u).
6
Let i(r) = -r**3 - 7*r**2 + 8*r - 1. Let c = 44 - 52. Determine i(c).
-1
Suppose 0 = 3*d - 0*u - u - 10, -5*u = -5*d + 10. Let a(p) = -13 + 2*p + 7 + d. Calculate a(2).
2
Let o(m) = -4*m - 1. Let l be (-4)/(-14) - (30/(-42) - 4). What is o(l)?
-21
Let y be (0 - -2)*2/4. Let q(r) = -1 + 4*r + r - 4*r**2 - 5*r. Calculate q(y).
-5
Let l(t) = t**3 - 3*t**2 + t - 3. Suppose -w = 3*w - 12. Give l(w).
0
Let j(k) be